{"id":15271,"date":"2023-03-15T11:10:32","date_gmt":"2023-03-15T10:10:32","guid":{"rendered":"https:\/\/telpark.cmspro.telpark.com\/faqs\/me-equivoque-y-registre-mal-la-matricula-en-telpark-que-puedo-hacer\/"},"modified":"2024-03-20T17:29:23","modified_gmt":"2024-03-20T16:29:23","slug":"em-vaig-equivocar-i-vaig-registrar-malament-la-matricula-a-telpark-que-puc-fer-madrid","status":"publish","type":"faqs","link":"https:\/\/www.telpark.com\/ca\/faqs\/em-vaig-equivocar-i-vaig-registrar-malament-la-matricula-a-telpark-que-puc-fer-madrid\/","title":{"rendered":"Em vaig equivocar i vaig registrar malament la matr\u00edcula a telpark. Qu\u00e8 puc fer? (Madrid)"},"template":"","faqsCategory":[410],"yoast_head":"<!-- This site is optimized with the Yoast SEO plugin v20.12 - https:\/\/yoast.com\/wordpress\/plugins\/seo\/ -->\n<title>Em vaig equivocar i vaig registrar malament la matr\u00edcula a telpark. Qu\u00e8 puc fer? (Madrid) | Telpark<\/title>\n<meta name=\"robots\" content=\"noindex, follow\" \/>\n<meta property=\"og:locale\" content=\"ca_ES\" \/>\n<meta property=\"og:type\" content=\"article\" \/>\n<meta property=\"og:title\" content=\"Em vaig equivocar i vaig registrar malament la matr\u00edcula a telpark. Qu\u00e8 puc fer? (Madrid) | Telpark\" \/>\n<meta property=\"og:url\" content=\"https:\/\/www.telpark.com\/ca\/faqs\/em-vaig-equivocar-i-vaig-registrar-malament-la-matricula-a-telpark-que-puc-fer-madrid\/\" \/>\n<meta property=\"og:site_name\" content=\"Telpark\" \/>\n<meta property=\"article:modified_time\" content=\"2024-03-20T16:29:23+00:00\" \/>\n<meta name=\"twitter:card\" content=\"summary_large_image\" \/>\n<meta name=\"twitter:site\" content=\"@telpark_es\" \/>\n<script type=\"application\/ld+json\" class=\"yoast-schema-graph\">{\"@context\":\"https:\/\/schema.org\",\"@graph\":[{\"@type\":\"WebPage\",\"@id\":\"https:\/\/www.telpark.com\/ca\/faqs\/em-vaig-equivocar-i-vaig-registrar-malament-la-matricula-a-telpark-que-puc-fer-madrid\/\",\"url\":\"https:\/\/www.telpark.com\/ca\/faqs\/em-vaig-equivocar-i-vaig-registrar-malament-la-matricula-a-telpark-que-puc-fer-madrid\/\",\"name\":\"Em vaig equivocar i vaig registrar malament la matr\u00edcula a telpark. Qu\u00e8 puc fer? (Madrid) | Telpark\",\"isPartOf\":{\"@id\":\"https:\/\/www.telpark.com\/ca\/#website\"},\"datePublished\":\"2023-03-15T10:10:32+00:00\",\"dateModified\":\"2024-03-20T16:29:23+00:00\",\"breadcrumb\":{\"@id\":\"https:\/\/www.telpark.com\/ca\/faqs\/em-vaig-equivocar-i-vaig-registrar-malament-la-matricula-a-telpark-que-puc-fer-madrid\/#breadcrumb\"},\"inLanguage\":\"ca\",\"potentialAction\":[{\"@type\":\"ReadAction\",\"target\":[\"https:\/\/www.telpark.com\/ca\/faqs\/em-vaig-equivocar-i-vaig-registrar-malament-la-matricula-a-telpark-que-puc-fer-madrid\/\"]}]},{\"@type\":\"BreadcrumbList\",\"@id\":\"https:\/\/www.telpark.com\/ca\/faqs\/em-vaig-equivocar-i-vaig-registrar-malament-la-matricula-a-telpark-que-puc-fer-madrid\/#breadcrumb\",\"itemListElement\":[{\"@type\":\"ListItem\",\"position\":1,\"name\":\"Home\",\"item\":\"https:\/\/www.telpark.com\/ca\/\"},{\"@type\":\"ListItem\",\"position\":2,\"name\":\"Em vaig equivocar i vaig registrar malament la matr\u00edcula a telpark. Qu\u00e8 puc fer? (Madrid)\"}]},{\"@type\":\"WebSite\",\"@id\":\"https:\/\/www.telpark.com\/ca\/#website\",\"url\":\"https:\/\/www.telpark.com\/ca\/\",\"name\":\"Telpark\",\"description\":\"Reserva tu plaza en los mejores aparcamientos. Descarga la app y olv\u00eddate de cajeros o parqu\u00edmetros en m\u00e1s de 100 ciudades en Espa\u00f1a y Portugal\",\"publisher\":{\"@id\":\"https:\/\/www.telpark.com\/ca\/#organization\"},\"potentialAction\":[{\"@type\":\"SearchAction\",\"target\":{\"@type\":\"EntryPoint\",\"urlTemplate\":\"https:\/\/www.telpark.com\/ca\/?s={search_term_string}\"},\"query-input\":\"required name=search_term_string\"}],\"inLanguage\":\"ca\"},{\"@type\":\"Organization\",\"@id\":\"https:\/\/www.telpark.com\/ca\/#organization\",\"name\":\"Telpark\",\"url\":\"https:\/\/www.telpark.com\/ca\/\",\"logo\":{\"@type\":\"ImageObject\",\"inLanguage\":\"ca\",\"@id\":\"https:\/\/www.telpark.com\/ca\/#\/schema\/logo\/image\/\",\"url\":\"https:\/\/www.telpark.com\/wp-content\/uploads\/2023\/09\/telpark-logo.svg\",\"contentUrl\":\"https:\/\/www.telpark.com\/wp-content\/uploads\/2023\/09\/telpark-logo.svg\",\"width\":128,\"height\":32,\"caption\":\"Telpark\"},\"image\":{\"@id\":\"https:\/\/www.telpark.com\/ca\/#\/schema\/logo\/image\/\"},\"sameAs\":[\"https:\/\/twitter.com\/telpark_es\",\"https:\/\/www.instagram.com\/telpark_app\/\",\"https:\/\/www.youtube.com\/channel\/UCm8sjis_xlHU5VYQ6GslW-Q\"]}]}<\/script>\n<!-- \/ Yoast SEO plugin. -->","yoast_head_json":{"title":"Em vaig equivocar i vaig registrar malament la matr\u00edcula a telpark. Qu\u00e8 puc fer? (Madrid) | Telpark","robots":{"index":"noindex","follow":"follow"},"og_locale":"ca_ES","og_type":"article","og_title":"Em vaig equivocar i vaig registrar malament la matr\u00edcula a telpark. Qu\u00e8 puc fer? (Madrid) | Telpark","og_url":"https:\/\/www.telpark.com\/ca\/faqs\/em-vaig-equivocar-i-vaig-registrar-malament-la-matricula-a-telpark-que-puc-fer-madrid\/","og_site_name":"Telpark","article_modified_time":"2024-03-20T16:29:23+00:00","twitter_card":"summary_large_image","twitter_site":"@telpark_es","schema":{"@context":"https:\/\/schema.org","@graph":[{"@type":"WebPage","@id":"https:\/\/www.telpark.com\/ca\/faqs\/em-vaig-equivocar-i-vaig-registrar-malament-la-matricula-a-telpark-que-puc-fer-madrid\/","url":"https:\/\/www.telpark.com\/ca\/faqs\/em-vaig-equivocar-i-vaig-registrar-malament-la-matricula-a-telpark-que-puc-fer-madrid\/","name":"Em vaig equivocar i vaig registrar malament la matr\u00edcula a telpark. Qu\u00e8 puc fer? (Madrid) | Telpark","isPartOf":{"@id":"https:\/\/www.telpark.com\/ca\/#website"},"datePublished":"2023-03-15T10:10:32+00:00","dateModified":"2024-03-20T16:29:23+00:00","breadcrumb":{"@id":"https:\/\/www.telpark.com\/ca\/faqs\/em-vaig-equivocar-i-vaig-registrar-malament-la-matricula-a-telpark-que-puc-fer-madrid\/#breadcrumb"},"inLanguage":"ca","potentialAction":[{"@type":"ReadAction","target":["https:\/\/www.telpark.com\/ca\/faqs\/em-vaig-equivocar-i-vaig-registrar-malament-la-matricula-a-telpark-que-puc-fer-madrid\/"]}]},{"@type":"BreadcrumbList","@id":"https:\/\/www.telpark.com\/ca\/faqs\/em-vaig-equivocar-i-vaig-registrar-malament-la-matricula-a-telpark-que-puc-fer-madrid\/#breadcrumb","itemListElement":[{"@type":"ListItem","position":1,"name":"Home","item":"https:\/\/www.telpark.com\/ca\/"},{"@type":"ListItem","position":2,"name":"Em vaig equivocar i vaig registrar malament la matr\u00edcula a telpark. Qu\u00e8 puc fer? (Madrid)"}]},{"@type":"WebSite","@id":"https:\/\/www.telpark.com\/ca\/#website","url":"https:\/\/www.telpark.com\/ca\/","name":"Telpark","description":"Reserva tu plaza en los mejores aparcamientos. Descarga la app y olv\u00eddate de cajeros o parqu\u00edmetros en m\u00e1s de 100 ciudades en Espa\u00f1a y Portugal","publisher":{"@id":"https:\/\/www.telpark.com\/ca\/#organization"},"potentialAction":[{"@type":"SearchAction","target":{"@type":"EntryPoint","urlTemplate":"https:\/\/www.telpark.com\/ca\/?s={search_term_string}"},"query-input":"required name=search_term_string"}],"inLanguage":"ca"},{"@type":"Organization","@id":"https:\/\/www.telpark.com\/ca\/#organization","name":"Telpark","url":"https:\/\/www.telpark.com\/ca\/","logo":{"@type":"ImageObject","inLanguage":"ca","@id":"https:\/\/www.telpark.com\/ca\/#\/schema\/logo\/image\/","url":"https:\/\/www.telpark.com\/wp-content\/uploads\/2023\/09\/telpark-logo.svg","contentUrl":"https:\/\/www.telpark.com\/wp-content\/uploads\/2023\/09\/telpark-logo.svg","width":128,"height":32,"caption":"Telpark"},"image":{"@id":"https:\/\/www.telpark.com\/ca\/#\/schema\/logo\/image\/"},"sameAs":["https:\/\/twitter.com\/telpark_es","https:\/\/www.instagram.com\/telpark_app\/","https:\/\/www.youtube.com\/channel\/UCm8sjis_xlHU5VYQ6GslW-Q"]}]}},"meta_box":{"title":"Em vaig equivocar i vaig registrar malament la matr\u00edcula a telpark. Qu\u00e8 puc fer? (Madrid)","answer":"<!-- \/wp:paragraph -->\r\n\r\n<strong>Et recomanem que, abans de confirmar el pagament, revisis sempre les dades que apareixen en la pantalla de confirmaci\u00f3 de pagament (matr\u00edcula, ciutat, zona, barri, import, etc.) per evitar aquesta mena d'errors.<\/strong>\r\n\r\nT\u2019informem que la den\u00fancia \u00e9s correcta, ja que el tiquet que vas obtenir no es correspon amb el vehicle denunciat. Revisa les matr\u00edcules que tens registrades a l\u2019aplicaci\u00f3 amb les quals has fet els \u00faltims pagaments.\r\n\r\nPots fer les al\u00b7legacions pertinents a l\u2019ajuntament aportant les proves que creguis necess\u00e0ries. Per a m\u00e9s informaci\u00f3, contacta directament amb el centre d\u2019estacionament regulat de la teva ciutat.\r\n<p class=\"has-background has-very-light-gray-background-color\">Segueixes tenint dubtes? No et preocupis. Contacta amb nosaltres, estarem encantats d'ajudar-te.<\/p>","button_info":{"url":"telpark:\/\/support\/open","color":"secondary","size":"md","text":"Contacta amb nosaltres"}},"_links":{"self":[{"href":"https:\/\/www.telpark.com\/ca\/wp-json\/wp\/v2\/faqs\/15271"}],"collection":[{"href":"https:\/\/www.telpark.com\/ca\/wp-json\/wp\/v2\/faqs"}],"about":[{"href":"https:\/\/www.telpark.com\/ca\/wp-json\/wp\/v2\/types\/faqs"}],"version-history":[{"count":4,"href":"https:\/\/www.telpark.com\/ca\/wp-json\/wp\/v2\/faqs\/15271\/revisions"}],"predecessor-version":[{"id":37231,"href":"https:\/\/www.telpark.com\/ca\/wp-json\/wp\/v2\/faqs\/15271\/revisions\/37231"}],"wp:attachment":[{"href":"https:\/\/www.telpark.com\/ca\/wp-json\/wp\/v2\/media?parent=15271"}],"wp:term":[{"taxonomy":"faqsCategory","embeddable":true,"href":"https:\/\/www.telpark.com\/ca\/wp-json\/wp\/v2\/faqsCategory?post=15271"}],"curies":[{"name":"wp","href":"https:\/\/api.w.org\/{rel}","templated":true}]}}

Em vaig equivocar i vaig registrar malament la matrícula a telpark. Què puc fer? (Madrid)

<!-- This site is optimized with the Yoast SEO plugin v20.12 - https://yoast.com/wordpress/plugins/seo/ -->
<title>Em vaig equivocar i vaig registrar malament la matrícula a telpark. Què puc fer? (Madrid) | Telpark</title>
<meta name="robots" content="noindex, follow" />
<meta property="og:locale" content="ca_ES" />
<meta property="og:type" content="article" />
<meta property="og:title" content="Em vaig equivocar i vaig registrar malament la matrícula a telpark. Què puc fer? (Madrid) | Telpark" />
<meta property="og:url" content="https://www.telpark.com/ca/faqs/em-vaig-equivocar-i-vaig-registrar-malament-la-matricula-a-telpark-que-puc-fer-madrid/" />
<meta property="og:site_name" content="Telpark" />
<meta property="article:modified_time" content="2024-03-20T16:29:23+00:00" />
<meta name="twitter:card" content="summary_large_image" />
<meta name="twitter:site" content="@telpark_es" />
<script type="application/ld+json" class="yoast-schema-graph">{"@context":"https://schema.org","@graph":[{"@type":"WebPage","@id":"https://www.telpark.com/ca/faqs/em-vaig-equivocar-i-vaig-registrar-malament-la-matricula-a-telpark-que-puc-fer-madrid/","url":"https://www.telpark.com/ca/faqs/em-vaig-equivocar-i-vaig-registrar-malament-la-matricula-a-telpark-que-puc-fer-madrid/","name":"Em vaig equivocar i vaig registrar malament la matrícula a telpark. Què puc fer? (Madrid) | Telpark","isPartOf":{"@id":"https://www.telpark.com/ca/#website"},"datePublished":"2023-03-15T10:10:32+00:00","dateModified":"2024-03-20T16:29:23+00:00","breadcrumb":{"@id":"https://www.telpark.com/ca/faqs/em-vaig-equivocar-i-vaig-registrar-malament-la-matricula-a-telpark-que-puc-fer-madrid/#breadcrumb"},"inLanguage":"ca","potentialAction":[{"@type":"ReadAction","target":["https://www.telpark.com/ca/faqs/em-vaig-equivocar-i-vaig-registrar-malament-la-matricula-a-telpark-que-puc-fer-madrid/"]}]},{"@type":"BreadcrumbList","@id":"https://www.telpark.com/ca/faqs/em-vaig-equivocar-i-vaig-registrar-malament-la-matricula-a-telpark-que-puc-fer-madrid/#breadcrumb","itemListElement":[{"@type":"ListItem","position":1,"name":"Home","item":"https://www.telpark.com/ca/"},{"@type":"ListItem","position":2,"name":"Em vaig equivocar i vaig registrar malament la matrícula a telpark. Què puc fer? (Madrid)"}]},{"@type":"WebSite","@id":"https://www.telpark.com/ca/#website","url":"https://www.telpark.com/ca/","name":"Telpark","description":"Reserva tu plaza en los mejores aparcamientos. Descarga la app y olvídate de cajeros o parquímetros en más de 100 ciudades en España y Portugal","publisher":{"@id":"https://www.telpark.com/ca/#organization"},"potentialAction":[{"@type":"SearchAction","target":{"@type":"EntryPoint","urlTemplate":"https://www.telpark.com/ca/?s={search_term_string}"},"query-input":"required name=search_term_string"}],"inLanguage":"ca"},{"@type":"Organization","@id":"https://www.telpark.com/ca/#organization","name":"Telpark","url":"https://www.telpark.com/ca/","logo":{"@type":"ImageObject","inLanguage":"ca","@id":"https://www.telpark.com/ca/#/schema/logo/image/","url":"https://www.telpark.com/wp-content/uploads/2023/09/telpark-logo.svg","contentUrl":"https://www.telpark.com/wp-content/uploads/2023/09/telpark-logo.svg","width":128,"height":32,"caption":"Telpark"},"image":{"@id":"https://www.telpark.com/ca/#/schema/logo/image/"},"sameAs":["https://twitter.com/telpark_es","https://www.instagram.com/telpark_app/","https://www.youtube.com/channel/UCm8sjis_xlHU5VYQ6GslW-Q"]}]}</script>
<!-- / Yoast SEO plugin. -->

Em vaig equivocar i vaig registrar malament la matrícula a telpark. Què puc fer? (Madrid) | Telpark

Reserva tu plaza en los mejores aparcamientos. Descarga la app y olvídate de cajeros o parquímetros en más de 100 ciudades en España y Portugal

<!-- /wp:paragraph -->

<strong>Et recomanem que, abans de confirmar el pagament, revisis sempre les dades que apareixen en la pantalla de confirmació de pagament (matrícula, ciutat, zona, barri, import, etc.) per evitar aquesta mena d'errors.</strong>

T’informem que la denúncia és correcta, ja que el tiquet que vas obtenir no es correspon amb el vehicle denunciat. Revisa les matrícules que tens registrades a l’aplicació amb les quals has fet els últims pagaments.

Pots fer les al·legacions pertinents a l’ajuntament aportant les proves que creguis necessàries. Per a més informació, contacta directament amb el centre d’estacionament regulat de la teva ciutat.
<p class="has-background has-very-light-gray-background-color">Segueixes tenint dubtes? No et preocupis. Contacta amb nosaltres, estarem encantats d'ajudar-te.</p>
