{"id":15231,"date":"2023-03-16T09:58:04","date_gmt":"2023-03-16T08:58:04","guid":{"rendered":"https:\/\/telpark.cmspro.telpark.com\/faqs\/que-hacer-si-tengo-distintivo-de-movilidad-reducida\/"},"modified":"2024-03-27T12:44:33","modified_gmt":"2024-03-27T11:44:33","slug":"que-dois-je-faire-si-je-dispose-dun-macaron-pour-personnes-a-mobilite-reduite","status":"publish","type":"faqs","link":"https:\/\/www.telpark.com\/fr\/faqs\/que-dois-je-faire-si-je-dispose-dun-macaron-pour-personnes-a-mobilite-reduite\/","title":{"rendered":"Que dois-je faire si je dispose d\u2019un macaron pour personnes \u00e0 mobilit\u00e9 r\u00e9duite?"},"template":"","faqsCategory":[447],"yoast_head":"<!-- This site is optimized with the Yoast SEO plugin v20.12 - https:\/\/yoast.com\/wordpress\/plugins\/seo\/ -->\n<title>Que dois-je faire si je dispose d\u2019un macaron pour personnes \u00e0 mobilit\u00e9 r\u00e9duite? | Telpark<\/title>\n<meta name=\"robots\" content=\"noindex, follow\" \/>\n<meta property=\"og:locale\" content=\"fr_FR\" \/>\n<meta property=\"og:type\" content=\"article\" \/>\n<meta property=\"og:title\" content=\"Que dois-je faire si je dispose d\u2019un macaron pour personnes \u00e0 mobilit\u00e9 r\u00e9duite? | Telpark\" \/>\n<meta property=\"og:url\" content=\"https:\/\/www.telpark.com\/fr\/faqs\/que-dois-je-faire-si-je-dispose-dun-macaron-pour-personnes-a-mobilite-reduite\/\" \/>\n<meta property=\"og:site_name\" content=\"Telpark\" \/>\n<meta property=\"article:modified_time\" content=\"2024-03-27T11:44:33+00:00\" \/>\n<meta name=\"twitter:card\" content=\"summary_large_image\" \/>\n<meta name=\"twitter:site\" content=\"@telpark_es\" \/>\n<script type=\"application\/ld+json\" class=\"yoast-schema-graph\">{\"@context\":\"https:\/\/schema.org\",\"@graph\":[{\"@type\":\"WebPage\",\"@id\":\"https:\/\/www.telpark.com\/fr\/faqs\/que-dois-je-faire-si-je-dispose-dun-macaron-pour-personnes-a-mobilite-reduite\/\",\"url\":\"https:\/\/www.telpark.com\/fr\/faqs\/que-dois-je-faire-si-je-dispose-dun-macaron-pour-personnes-a-mobilite-reduite\/\",\"name\":\"Que dois-je faire si je dispose d\u2019un macaron pour personnes \u00e0 mobilit\u00e9 r\u00e9duite? | Telpark\",\"isPartOf\":{\"@id\":\"https:\/\/www.telpark.com\/fr\/#website\"},\"datePublished\":\"2023-03-16T08:58:04+00:00\",\"dateModified\":\"2024-03-27T11:44:33+00:00\",\"breadcrumb\":{\"@id\":\"https:\/\/www.telpark.com\/fr\/faqs\/que-dois-je-faire-si-je-dispose-dun-macaron-pour-personnes-a-mobilite-reduite\/#breadcrumb\"},\"inLanguage\":\"fr-FR\",\"potentialAction\":[{\"@type\":\"ReadAction\",\"target\":[\"https:\/\/www.telpark.com\/fr\/faqs\/que-dois-je-faire-si-je-dispose-dun-macaron-pour-personnes-a-mobilite-reduite\/\"]}]},{\"@type\":\"BreadcrumbList\",\"@id\":\"https:\/\/www.telpark.com\/fr\/faqs\/que-dois-je-faire-si-je-dispose-dun-macaron-pour-personnes-a-mobilite-reduite\/#breadcrumb\",\"itemListElement\":[{\"@type\":\"ListItem\",\"position\":1,\"name\":\"Home\",\"item\":\"https:\/\/www.telpark.com\/fr\/\"},{\"@type\":\"ListItem\",\"position\":2,\"name\":\"Que dois-je faire si je dispose d\u2019un macaron pour personnes \u00e0 mobilit\u00e9 r\u00e9duite?\"}]},{\"@type\":\"WebSite\",\"@id\":\"https:\/\/www.telpark.com\/fr\/#website\",\"url\":\"https:\/\/www.telpark.com\/fr\/\",\"name\":\"Telpark\",\"description\":\"Reserva tu plaza en los mejores aparcamientos. Descarga la app y olv\u00eddate de cajeros o parqu\u00edmetros en m\u00e1s de 100 ciudades en Espa\u00f1a y Portugal\",\"publisher\":{\"@id\":\"https:\/\/www.telpark.com\/fr\/#organization\"},\"potentialAction\":[{\"@type\":\"SearchAction\",\"target\":{\"@type\":\"EntryPoint\",\"urlTemplate\":\"https:\/\/www.telpark.com\/fr\/?s={search_term_string}\"},\"query-input\":\"required name=search_term_string\"}],\"inLanguage\":\"fr-FR\"},{\"@type\":\"Organization\",\"@id\":\"https:\/\/www.telpark.com\/fr\/#organization\",\"name\":\"Telpark\",\"url\":\"https:\/\/www.telpark.com\/fr\/\",\"logo\":{\"@type\":\"ImageObject\",\"inLanguage\":\"fr-FR\",\"@id\":\"https:\/\/www.telpark.com\/fr\/#\/schema\/logo\/image\/\",\"url\":\"https:\/\/www.telpark.com\/wp-content\/uploads\/2023\/09\/telpark-logo.svg\",\"contentUrl\":\"https:\/\/www.telpark.com\/wp-content\/uploads\/2023\/09\/telpark-logo.svg\",\"width\":128,\"height\":32,\"caption\":\"Telpark\"},\"image\":{\"@id\":\"https:\/\/www.telpark.com\/fr\/#\/schema\/logo\/image\/\"},\"sameAs\":[\"https:\/\/twitter.com\/telpark_es\",\"https:\/\/www.instagram.com\/telpark_app\/\",\"https:\/\/www.youtube.com\/channel\/UCm8sjis_xlHU5VYQ6GslW-Q\"]}]}<\/script>\n<!-- \/ Yoast SEO plugin. -->","yoast_head_json":{"title":"Que dois-je faire si je dispose d\u2019un macaron pour personnes \u00e0 mobilit\u00e9 r\u00e9duite? | Telpark","robots":{"index":"noindex","follow":"follow"},"og_locale":"fr_FR","og_type":"article","og_title":"Que dois-je faire si je dispose d\u2019un macaron pour personnes \u00e0 mobilit\u00e9 r\u00e9duite? | Telpark","og_url":"https:\/\/www.telpark.com\/fr\/faqs\/que-dois-je-faire-si-je-dispose-dun-macaron-pour-personnes-a-mobilite-reduite\/","og_site_name":"Telpark","article_modified_time":"2024-03-27T11:44:33+00:00","twitter_card":"summary_large_image","twitter_site":"@telpark_es","schema":{"@context":"https:\/\/schema.org","@graph":[{"@type":"WebPage","@id":"https:\/\/www.telpark.com\/fr\/faqs\/que-dois-je-faire-si-je-dispose-dun-macaron-pour-personnes-a-mobilite-reduite\/","url":"https:\/\/www.telpark.com\/fr\/faqs\/que-dois-je-faire-si-je-dispose-dun-macaron-pour-personnes-a-mobilite-reduite\/","name":"Que dois-je faire si je dispose d\u2019un macaron pour personnes \u00e0 mobilit\u00e9 r\u00e9duite? | Telpark","isPartOf":{"@id":"https:\/\/www.telpark.com\/fr\/#website"},"datePublished":"2023-03-16T08:58:04+00:00","dateModified":"2024-03-27T11:44:33+00:00","breadcrumb":{"@id":"https:\/\/www.telpark.com\/fr\/faqs\/que-dois-je-faire-si-je-dispose-dun-macaron-pour-personnes-a-mobilite-reduite\/#breadcrumb"},"inLanguage":"fr-FR","potentialAction":[{"@type":"ReadAction","target":["https:\/\/www.telpark.com\/fr\/faqs\/que-dois-je-faire-si-je-dispose-dun-macaron-pour-personnes-a-mobilite-reduite\/"]}]},{"@type":"BreadcrumbList","@id":"https:\/\/www.telpark.com\/fr\/faqs\/que-dois-je-faire-si-je-dispose-dun-macaron-pour-personnes-a-mobilite-reduite\/#breadcrumb","itemListElement":[{"@type":"ListItem","position":1,"name":"Home","item":"https:\/\/www.telpark.com\/fr\/"},{"@type":"ListItem","position":2,"name":"Que dois-je faire si je dispose d\u2019un macaron pour personnes \u00e0 mobilit\u00e9 r\u00e9duite?"}]},{"@type":"WebSite","@id":"https:\/\/www.telpark.com\/fr\/#website","url":"https:\/\/www.telpark.com\/fr\/","name":"Telpark","description":"Reserva tu plaza en los mejores aparcamientos. Descarga la app y olv\u00eddate de cajeros o parqu\u00edmetros en m\u00e1s de 100 ciudades en Espa\u00f1a y Portugal","publisher":{"@id":"https:\/\/www.telpark.com\/fr\/#organization"},"potentialAction":[{"@type":"SearchAction","target":{"@type":"EntryPoint","urlTemplate":"https:\/\/www.telpark.com\/fr\/?s={search_term_string}"},"query-input":"required name=search_term_string"}],"inLanguage":"fr-FR"},{"@type":"Organization","@id":"https:\/\/www.telpark.com\/fr\/#organization","name":"Telpark","url":"https:\/\/www.telpark.com\/fr\/","logo":{"@type":"ImageObject","inLanguage":"fr-FR","@id":"https:\/\/www.telpark.com\/fr\/#\/schema\/logo\/image\/","url":"https:\/\/www.telpark.com\/wp-content\/uploads\/2023\/09\/telpark-logo.svg","contentUrl":"https:\/\/www.telpark.com\/wp-content\/uploads\/2023\/09\/telpark-logo.svg","width":128,"height":32,"caption":"Telpark"},"image":{"@id":"https:\/\/www.telpark.com\/fr\/#\/schema\/logo\/image\/"},"sameAs":["https:\/\/twitter.com\/telpark_es","https:\/\/www.instagram.com\/telpark_app\/","https:\/\/www.youtube.com\/channel\/UCm8sjis_xlHU5VYQ6GslW-Q"]}]}},"meta_box":{"title":"Que dois-je faire si je dispose d\u2019un macaron pour personnes \u00e0 mobilit\u00e9 r\u00e9duite?","answer":"<!-- \/wp:paragraph -->\r\nDans ce cas, vous devez contacter le centre de stationnement r\u00e9glement\u00e9 de votre ville afin de vous renseigner sur les \u00e9tapes \u00e0 suivre.\r\n<p class=\"has-background has-very-light-gray-background-color\">Vous avez toujours des doutes ? Pas de soucis. Contactez-nous, nous serons ravis de vous aider.<\/p>","button_info":{"url":"telpark:\/\/support\/open","color":"secondary","size":"md","text":"Nous Contacter"}},"_links":{"self":[{"href":"https:\/\/www.telpark.com\/fr\/wp-json\/wp\/v2\/faqs\/15231"}],"collection":[{"href":"https:\/\/www.telpark.com\/fr\/wp-json\/wp\/v2\/faqs"}],"about":[{"href":"https:\/\/www.telpark.com\/fr\/wp-json\/wp\/v2\/types\/faqs"}],"version-history":[{"count":3,"href":"https:\/\/www.telpark.com\/fr\/wp-json\/wp\/v2\/faqs\/15231\/revisions"}],"predecessor-version":[{"id":37535,"href":"https:\/\/www.telpark.com\/fr\/wp-json\/wp\/v2\/faqs\/15231\/revisions\/37535"}],"wp:attachment":[{"href":"https:\/\/www.telpark.com\/fr\/wp-json\/wp\/v2\/media?parent=15231"}],"wp:term":[{"taxonomy":"faqsCategory","embeddable":true,"href":"https:\/\/www.telpark.com\/fr\/wp-json\/wp\/v2\/faqsCategory?post=15231"}],"curies":[{"name":"wp","href":"https:\/\/api.w.org\/{rel}","templated":true}]}}

Que dois-je faire si je dispose d’un macaron pour personnes à mobilité réduite?

<!-- This site is optimized with the Yoast SEO plugin v20.12 - https://yoast.com/wordpress/plugins/seo/ -->
<title>Que dois-je faire si je dispose d’un macaron pour personnes à mobilité réduite? | Telpark</title>
<meta name="robots" content="noindex, follow" />
<meta property="og:locale" content="fr_FR" />
<meta property="og:type" content="article" />
<meta property="og:title" content="Que dois-je faire si je dispose d’un macaron pour personnes à mobilité réduite? | Telpark" />
<meta property="og:url" content="https://www.telpark.com/fr/faqs/que-dois-je-faire-si-je-dispose-dun-macaron-pour-personnes-a-mobilite-reduite/" />
<meta property="og:site_name" content="Telpark" />
<meta property="article:modified_time" content="2024-03-27T11:44:33+00:00" />
<meta name="twitter:card" content="summary_large_image" />
<meta name="twitter:site" content="@telpark_es" />
<script type="application/ld+json" class="yoast-schema-graph">{"@context":"https://schema.org","@graph":[{"@type":"WebPage","@id":"https://www.telpark.com/fr/faqs/que-dois-je-faire-si-je-dispose-dun-macaron-pour-personnes-a-mobilite-reduite/","url":"https://www.telpark.com/fr/faqs/que-dois-je-faire-si-je-dispose-dun-macaron-pour-personnes-a-mobilite-reduite/","name":"Que dois-je faire si je dispose d’un macaron pour personnes à mobilité réduite? | Telpark","isPartOf":{"@id":"https://www.telpark.com/fr/#website"},"datePublished":"2023-03-16T08:58:04+00:00","dateModified":"2024-03-27T11:44:33+00:00","breadcrumb":{"@id":"https://www.telpark.com/fr/faqs/que-dois-je-faire-si-je-dispose-dun-macaron-pour-personnes-a-mobilite-reduite/#breadcrumb"},"inLanguage":"fr-FR","potentialAction":[{"@type":"ReadAction","target":["https://www.telpark.com/fr/faqs/que-dois-je-faire-si-je-dispose-dun-macaron-pour-personnes-a-mobilite-reduite/"]}]},{"@type":"BreadcrumbList","@id":"https://www.telpark.com/fr/faqs/que-dois-je-faire-si-je-dispose-dun-macaron-pour-personnes-a-mobilite-reduite/#breadcrumb","itemListElement":[{"@type":"ListItem","position":1,"name":"Home","item":"https://www.telpark.com/fr/"},{"@type":"ListItem","position":2,"name":"Que dois-je faire si je dispose d’un macaron pour personnes à mobilité réduite?"}]},{"@type":"WebSite","@id":"https://www.telpark.com/fr/#website","url":"https://www.telpark.com/fr/","name":"Telpark","description":"Reserva tu plaza en los mejores aparcamientos. Descarga la app y olvídate de cajeros o parquímetros en más de 100 ciudades en España y Portugal","publisher":{"@id":"https://www.telpark.com/fr/#organization"},"potentialAction":[{"@type":"SearchAction","target":{"@type":"EntryPoint","urlTemplate":"https://www.telpark.com/fr/?s={search_term_string}"},"query-input":"required name=search_term_string"}],"inLanguage":"fr-FR"},{"@type":"Organization","@id":"https://www.telpark.com/fr/#organization","name":"Telpark","url":"https://www.telpark.com/fr/","logo":{"@type":"ImageObject","inLanguage":"fr-FR","@id":"https://www.telpark.com/fr/#/schema/logo/image/","url":"https://www.telpark.com/wp-content/uploads/2023/09/telpark-logo.svg","contentUrl":"https://www.telpark.com/wp-content/uploads/2023/09/telpark-logo.svg","width":128,"height":32,"caption":"Telpark"},"image":{"@id":"https://www.telpark.com/fr/#/schema/logo/image/"},"sameAs":["https://twitter.com/telpark_es","https://www.instagram.com/telpark_app/","https://www.youtube.com/channel/UCm8sjis_xlHU5VYQ6GslW-Q"]}]}</script>
<!-- / Yoast SEO plugin. -->

Que dois-je faire si je dispose d’un macaron pour personnes à mobilité réduite? | Telpark

Reserva tu plaza en los mejores aparcamientos. Descarga la app y olvídate de cajeros o parquímetros en más de 100 ciudades en España y Portugal

<!-- /wp:paragraph -->
Dans ce cas, vous devez contacter le centre de stationnement réglementé de votre ville afin de vous renseigner sur les étapes à suivre.
<p class="has-background has-very-light-gray-background-color">Vous avez toujours des doutes ? Pas de soucis. Contactez-nous, nous serons ravis de vous aider.</p>
