{"id":15291,"date":"2023-03-15T10:52:39","date_gmt":"2023-03-15T09:52:39","guid":{"rendered":"https:\/\/telpark.cmspro.telpark.com\/faqs\/por-que-no-aparecen-mis-datos-de-facturacion-en-los-justificantes\/"},"modified":"2024-03-26T18:59:09","modified_gmt":"2024-03-26T17:59:09","slug":"pourquoi-mes-donnees-de-facturation-ne-figurent-elles-pas-dans-les-justificatifs","status":"publish","type":"faqs","link":"https:\/\/www.telpark.com\/fr\/faqs\/pourquoi-mes-donnees-de-facturation-ne-figurent-elles-pas-dans-les-justificatifs\/","title":{"rendered":"Pourquoi mes donn\u00e9es de facturation ne figurent-elles pas dans les justificatifs?"},"template":"","faqsCategory":[434],"yoast_head":"<!-- This site is optimized with the Yoast SEO plugin v20.12 - https:\/\/yoast.com\/wordpress\/plugins\/seo\/ -->\n<title>Pourquoi mes donn\u00e9es de facturation ne figurent-elles pas dans les justificatifs? | Telpark<\/title>\n<meta name=\"robots\" content=\"noindex, follow\" \/>\n<meta property=\"og:locale\" content=\"fr_FR\" \/>\n<meta property=\"og:type\" content=\"article\" \/>\n<meta property=\"og:title\" content=\"Pourquoi mes donn\u00e9es de facturation ne figurent-elles pas dans les justificatifs? | Telpark\" \/>\n<meta property=\"og:url\" content=\"https:\/\/www.telpark.com\/fr\/faqs\/pourquoi-mes-donnees-de-facturation-ne-figurent-elles-pas-dans-les-justificatifs\/\" \/>\n<meta property=\"og:site_name\" content=\"Telpark\" \/>\n<meta property=\"article:modified_time\" content=\"2024-03-26T17:59:09+00:00\" \/>\n<meta name=\"twitter:card\" content=\"summary_large_image\" \/>\n<meta name=\"twitter:site\" content=\"@telpark_es\" \/>\n<script type=\"application\/ld+json\" class=\"yoast-schema-graph\">{\"@context\":\"https:\/\/schema.org\",\"@graph\":[{\"@type\":\"WebPage\",\"@id\":\"https:\/\/www.telpark.com\/fr\/faqs\/pourquoi-mes-donnees-de-facturation-ne-figurent-elles-pas-dans-les-justificatifs\/\",\"url\":\"https:\/\/www.telpark.com\/fr\/faqs\/pourquoi-mes-donnees-de-facturation-ne-figurent-elles-pas-dans-les-justificatifs\/\",\"name\":\"Pourquoi mes donn\u00e9es de facturation ne figurent-elles pas dans les justificatifs? | Telpark\",\"isPartOf\":{\"@id\":\"https:\/\/www.telpark.com\/fr\/#website\"},\"datePublished\":\"2023-03-15T09:52:39+00:00\",\"dateModified\":\"2024-03-26T17:59:09+00:00\",\"breadcrumb\":{\"@id\":\"https:\/\/www.telpark.com\/fr\/faqs\/pourquoi-mes-donnees-de-facturation-ne-figurent-elles-pas-dans-les-justificatifs\/#breadcrumb\"},\"inLanguage\":\"fr-FR\",\"potentialAction\":[{\"@type\":\"ReadAction\",\"target\":[\"https:\/\/www.telpark.com\/fr\/faqs\/pourquoi-mes-donnees-de-facturation-ne-figurent-elles-pas-dans-les-justificatifs\/\"]}]},{\"@type\":\"BreadcrumbList\",\"@id\":\"https:\/\/www.telpark.com\/fr\/faqs\/pourquoi-mes-donnees-de-facturation-ne-figurent-elles-pas-dans-les-justificatifs\/#breadcrumb\",\"itemListElement\":[{\"@type\":\"ListItem\",\"position\":1,\"name\":\"Home\",\"item\":\"https:\/\/www.telpark.com\/fr\/\"},{\"@type\":\"ListItem\",\"position\":2,\"name\":\"Pourquoi mes donn\u00e9es de facturation ne figurent-elles pas dans les justificatifs?\"}]},{\"@type\":\"WebSite\",\"@id\":\"https:\/\/www.telpark.com\/fr\/#website\",\"url\":\"https:\/\/www.telpark.com\/fr\/\",\"name\":\"Telpark\",\"description\":\"Reserva tu plaza en los mejores aparcamientos. Descarga la app y olv\u00eddate de cajeros o parqu\u00edmetros en m\u00e1s de 100 ciudades en Espa\u00f1a y Portugal\",\"publisher\":{\"@id\":\"https:\/\/www.telpark.com\/fr\/#organization\"},\"potentialAction\":[{\"@type\":\"SearchAction\",\"target\":{\"@type\":\"EntryPoint\",\"urlTemplate\":\"https:\/\/www.telpark.com\/fr\/?s={search_term_string}\"},\"query-input\":\"required name=search_term_string\"}],\"inLanguage\":\"fr-FR\"},{\"@type\":\"Organization\",\"@id\":\"https:\/\/www.telpark.com\/fr\/#organization\",\"name\":\"Telpark\",\"url\":\"https:\/\/www.telpark.com\/fr\/\",\"logo\":{\"@type\":\"ImageObject\",\"inLanguage\":\"fr-FR\",\"@id\":\"https:\/\/www.telpark.com\/fr\/#\/schema\/logo\/image\/\",\"url\":\"https:\/\/www.telpark.com\/wp-content\/uploads\/2023\/09\/telpark-logo.svg\",\"contentUrl\":\"https:\/\/www.telpark.com\/wp-content\/uploads\/2023\/09\/telpark-logo.svg\",\"width\":128,\"height\":32,\"caption\":\"Telpark\"},\"image\":{\"@id\":\"https:\/\/www.telpark.com\/fr\/#\/schema\/logo\/image\/\"},\"sameAs\":[\"https:\/\/twitter.com\/telpark_es\",\"https:\/\/www.instagram.com\/telpark_app\/\",\"https:\/\/www.youtube.com\/channel\/UCm8sjis_xlHU5VYQ6GslW-Q\"]}]}<\/script>\n<!-- \/ Yoast SEO plugin. -->","yoast_head_json":{"title":"Pourquoi mes donn\u00e9es de facturation ne figurent-elles pas dans les justificatifs? | Telpark","robots":{"index":"noindex","follow":"follow"},"og_locale":"fr_FR","og_type":"article","og_title":"Pourquoi mes donn\u00e9es de facturation ne figurent-elles pas dans les justificatifs? | Telpark","og_url":"https:\/\/www.telpark.com\/fr\/faqs\/pourquoi-mes-donnees-de-facturation-ne-figurent-elles-pas-dans-les-justificatifs\/","og_site_name":"Telpark","article_modified_time":"2024-03-26T17:59:09+00:00","twitter_card":"summary_large_image","twitter_site":"@telpark_es","schema":{"@context":"https:\/\/schema.org","@graph":[{"@type":"WebPage","@id":"https:\/\/www.telpark.com\/fr\/faqs\/pourquoi-mes-donnees-de-facturation-ne-figurent-elles-pas-dans-les-justificatifs\/","url":"https:\/\/www.telpark.com\/fr\/faqs\/pourquoi-mes-donnees-de-facturation-ne-figurent-elles-pas-dans-les-justificatifs\/","name":"Pourquoi mes donn\u00e9es de facturation ne figurent-elles pas dans les justificatifs? | Telpark","isPartOf":{"@id":"https:\/\/www.telpark.com\/fr\/#website"},"datePublished":"2023-03-15T09:52:39+00:00","dateModified":"2024-03-26T17:59:09+00:00","breadcrumb":{"@id":"https:\/\/www.telpark.com\/fr\/faqs\/pourquoi-mes-donnees-de-facturation-ne-figurent-elles-pas-dans-les-justificatifs\/#breadcrumb"},"inLanguage":"fr-FR","potentialAction":[{"@type":"ReadAction","target":["https:\/\/www.telpark.com\/fr\/faqs\/pourquoi-mes-donnees-de-facturation-ne-figurent-elles-pas-dans-les-justificatifs\/"]}]},{"@type":"BreadcrumbList","@id":"https:\/\/www.telpark.com\/fr\/faqs\/pourquoi-mes-donnees-de-facturation-ne-figurent-elles-pas-dans-les-justificatifs\/#breadcrumb","itemListElement":[{"@type":"ListItem","position":1,"name":"Home","item":"https:\/\/www.telpark.com\/fr\/"},{"@type":"ListItem","position":2,"name":"Pourquoi mes donn\u00e9es de facturation ne figurent-elles pas dans les justificatifs?"}]},{"@type":"WebSite","@id":"https:\/\/www.telpark.com\/fr\/#website","url":"https:\/\/www.telpark.com\/fr\/","name":"Telpark","description":"Reserva tu plaza en los mejores aparcamientos. Descarga la app y olv\u00eddate de cajeros o parqu\u00edmetros en m\u00e1s de 100 ciudades en Espa\u00f1a y Portugal","publisher":{"@id":"https:\/\/www.telpark.com\/fr\/#organization"},"potentialAction":[{"@type":"SearchAction","target":{"@type":"EntryPoint","urlTemplate":"https:\/\/www.telpark.com\/fr\/?s={search_term_string}"},"query-input":"required name=search_term_string"}],"inLanguage":"fr-FR"},{"@type":"Organization","@id":"https:\/\/www.telpark.com\/fr\/#organization","name":"Telpark","url":"https:\/\/www.telpark.com\/fr\/","logo":{"@type":"ImageObject","inLanguage":"fr-FR","@id":"https:\/\/www.telpark.com\/fr\/#\/schema\/logo\/image\/","url":"https:\/\/www.telpark.com\/wp-content\/uploads\/2023\/09\/telpark-logo.svg","contentUrl":"https:\/\/www.telpark.com\/wp-content\/uploads\/2023\/09\/telpark-logo.svg","width":128,"height":32,"caption":"Telpark"},"image":{"@id":"https:\/\/www.telpark.com\/fr\/#\/schema\/logo\/image\/"},"sameAs":["https:\/\/twitter.com\/telpark_es","https:\/\/www.instagram.com\/telpark_app\/","https:\/\/www.youtube.com\/channel\/UCm8sjis_xlHU5VYQ6GslW-Q"]}]}},"meta_box":{"title":"Pourquoi mes donn\u00e9es de facturation ne figurent-elles pas dans les justificatifs?","answer":"<!-- \/wp:paragraph -->\r\nTout d\u2019abord, nous tenons \u00e0 vous communiquer que les paiements des stationnements et des annulations des avertissements sur la voie publique\u00a0<strong>ne sont pas soumis \u00e0 la TVA<\/strong>, de sorte que le syst\u00e8me ne g\u00e9n\u00e8re qu\u2019un justificatif de paiement. Pour les paiements d\u2019autres produits tels que les parkings hors voirie, la TVA est appliqu\u00e9e et une facture est g\u00e9n\u00e9r\u00e9e avec les donn\u00e9es de facturation indiqu\u00e9es dans votre compte d\u2019utilisateur.\r\n\r\nSi vos donn\u00e9es de facturation ne s\u2019affichent pas dans un stationnement soumis \u00e0 la TVA,\u00a0<strong>Ne vous inqui\u00e9tez pas !\u00a0<\/strong>Contactez-nous et\u00a0<strong>indiquez-nous la plaque d\u2019immatriculation et les d\u00e9tails de la session.<\/strong>\r\n<p class=\"has-background has-very-light-gray-background-color\">Vous avez toujours des doutes ? Pas de soucis. Contactez-nous, nous serons ravis de vous aider.<\/p>","button_info":{"url":"telpark:\/\/support\/open","color":"secondary","size":"md","text":"Nous Contacter"}},"_links":{"self":[{"href":"https:\/\/www.telpark.com\/fr\/wp-json\/wp\/v2\/faqs\/15291"}],"collection":[{"href":"https:\/\/www.telpark.com\/fr\/wp-json\/wp\/v2\/faqs"}],"about":[{"href":"https:\/\/www.telpark.com\/fr\/wp-json\/wp\/v2\/types\/faqs"}],"version-history":[{"count":3,"href":"https:\/\/www.telpark.com\/fr\/wp-json\/wp\/v2\/faqs\/15291\/revisions"}],"predecessor-version":[{"id":37451,"href":"https:\/\/www.telpark.com\/fr\/wp-json\/wp\/v2\/faqs\/15291\/revisions\/37451"}],"wp:attachment":[{"href":"https:\/\/www.telpark.com\/fr\/wp-json\/wp\/v2\/media?parent=15291"}],"wp:term":[{"taxonomy":"faqsCategory","embeddable":true,"href":"https:\/\/www.telpark.com\/fr\/wp-json\/wp\/v2\/faqsCategory?post=15291"}],"curies":[{"name":"wp","href":"https:\/\/api.w.org\/{rel}","templated":true}]}}

Pourquoi mes données de facturation ne figurent-elles pas dans les justificatifs?

<!-- This site is optimized with the Yoast SEO plugin v20.12 - https://yoast.com/wordpress/plugins/seo/ -->
<title>Pourquoi mes données de facturation ne figurent-elles pas dans les justificatifs? | Telpark</title>
<meta name="robots" content="noindex, follow" />
<meta property="og:locale" content="fr_FR" />
<meta property="og:type" content="article" />
<meta property="og:title" content="Pourquoi mes données de facturation ne figurent-elles pas dans les justificatifs? | Telpark" />
<meta property="og:url" content="https://www.telpark.com/fr/faqs/pourquoi-mes-donnees-de-facturation-ne-figurent-elles-pas-dans-les-justificatifs/" />
<meta property="og:site_name" content="Telpark" />
<meta property="article:modified_time" content="2024-03-26T17:59:09+00:00" />
<meta name="twitter:card" content="summary_large_image" />
<meta name="twitter:site" content="@telpark_es" />
<script type="application/ld+json" class="yoast-schema-graph">{"@context":"https://schema.org","@graph":[{"@type":"WebPage","@id":"https://www.telpark.com/fr/faqs/pourquoi-mes-donnees-de-facturation-ne-figurent-elles-pas-dans-les-justificatifs/","url":"https://www.telpark.com/fr/faqs/pourquoi-mes-donnees-de-facturation-ne-figurent-elles-pas-dans-les-justificatifs/","name":"Pourquoi mes données de facturation ne figurent-elles pas dans les justificatifs? | Telpark","isPartOf":{"@id":"https://www.telpark.com/fr/#website"},"datePublished":"2023-03-15T09:52:39+00:00","dateModified":"2024-03-26T17:59:09+00:00","breadcrumb":{"@id":"https://www.telpark.com/fr/faqs/pourquoi-mes-donnees-de-facturation-ne-figurent-elles-pas-dans-les-justificatifs/#breadcrumb"},"inLanguage":"fr-FR","potentialAction":[{"@type":"ReadAction","target":["https://www.telpark.com/fr/faqs/pourquoi-mes-donnees-de-facturation-ne-figurent-elles-pas-dans-les-justificatifs/"]}]},{"@type":"BreadcrumbList","@id":"https://www.telpark.com/fr/faqs/pourquoi-mes-donnees-de-facturation-ne-figurent-elles-pas-dans-les-justificatifs/#breadcrumb","itemListElement":[{"@type":"ListItem","position":1,"name":"Home","item":"https://www.telpark.com/fr/"},{"@type":"ListItem","position":2,"name":"Pourquoi mes données de facturation ne figurent-elles pas dans les justificatifs?"}]},{"@type":"WebSite","@id":"https://www.telpark.com/fr/#website","url":"https://www.telpark.com/fr/","name":"Telpark","description":"Reserva tu plaza en los mejores aparcamientos. Descarga la app y olvídate de cajeros o parquímetros en más de 100 ciudades en España y Portugal","publisher":{"@id":"https://www.telpark.com/fr/#organization"},"potentialAction":[{"@type":"SearchAction","target":{"@type":"EntryPoint","urlTemplate":"https://www.telpark.com/fr/?s={search_term_string}"},"query-input":"required name=search_term_string"}],"inLanguage":"fr-FR"},{"@type":"Organization","@id":"https://www.telpark.com/fr/#organization","name":"Telpark","url":"https://www.telpark.com/fr/","logo":{"@type":"ImageObject","inLanguage":"fr-FR","@id":"https://www.telpark.com/fr/#/schema/logo/image/","url":"https://www.telpark.com/wp-content/uploads/2023/09/telpark-logo.svg","contentUrl":"https://www.telpark.com/wp-content/uploads/2023/09/telpark-logo.svg","width":128,"height":32,"caption":"Telpark"},"image":{"@id":"https://www.telpark.com/fr/#/schema/logo/image/"},"sameAs":["https://twitter.com/telpark_es","https://www.instagram.com/telpark_app/","https://www.youtube.com/channel/UCm8sjis_xlHU5VYQ6GslW-Q"]}]}</script>
<!-- / Yoast SEO plugin. -->

Pourquoi mes données de facturation ne figurent-elles pas dans les justificatifs? | Telpark

Reserva tu plaza en los mejores aparcamientos. Descarga la app y olvídate de cajeros o parquímetros en más de 100 ciudades en España y Portugal

<!-- /wp:paragraph -->
Tout d’abord, nous tenons à vous communiquer que les paiements des stationnements et des annulations des avertissements sur la voie publique <strong>ne sont pas soumis à la TVA</strong>, de sorte que le système ne génère qu’un justificatif de paiement. Pour les paiements d’autres produits tels que les parkings hors voirie, la TVA est appliquée et une facture est générée avec les données de facturation indiquées dans votre compte d’utilisateur.

Si vos données de facturation ne s’affichent pas dans un stationnement soumis à la TVA, <strong>Ne vous inquiétez pas ! </strong>Contactez-nous et <strong>indiquez-nous la plaque d’immatriculation et les détails de la session.</strong>
<p class="has-background has-very-light-gray-background-color">Vous avez toujours des doutes ? Pas de soucis. Contactez-nous, nous serons ravis de vous aider.</p>
